What is the thousands digit of d?
3
Let f(t) = -t**3 + 13*t**2 - 11*t - 12. Let p be f(12). Suppose 4*w - 89 + 221 = p. What is the units digit of 7/((-28)/16) - w?
9
Suppose -3*c = -5*c - 3*k + 1469, -c + 767 = -5*k. What is the tens digit of c?
4
Let r = 222 + -21. What is the units digit of r?
1
Let b = -16 - -24. Suppose -3*c = y + b, -3*c - 24 = -3*y + 12. Suppose -y = -0*w - w. What is the units digit of w?
7
Suppose -3*a = -6*a + 6. Suppose 5*i + 10 = 0, -2*x = 9*i - 14*i - 8. What is the units digit of 38/4 + x/a?
9
Let u = 25 + -22. Let h be (-176)/(-10)*(4 - -1). Suppose f - h = -u*f. What is the tens digit of f?
2
Suppose -75*v = -80*v + 10. Suppose -v*n - n - 788 = -5*h, 0 = 5*h - 5*n - 780. What is the hundreds digit of h?
1
Let c = 125 - -440. What is the units digit of c?
5
Let f(s) = 0 - s - 3 + 3 + 8. What is the units digit of f(-11)?
9
Suppose -3*i - z = -2237 - 1134, 5*z = -4*i + 4502. What is the hundreds digit of i?
1
Suppose -3*i = 12, d + 46*i = 47*i + 95. What is the units digit of d?
1
Let w(u) = -u + 14*u**3 + 9*u**3 - 14*u**3 - 3*u**2 + 2. Let o be w(2). Suppose -3*v = 3, -2*v - o = 5*x - 243. What is the tens digit of x?
3
Suppose 3*j = -4 - 5. Let f be 1/(j/(-42)*2). Suppose -3*r + 21 = s, -3*r + 16 = -f*r. What is the units digit of s?
3
What is the tens digit of (-24)/(-18)*-1*-117?
5
Let k(m) = -4*m + 13. Let o = 1 + -8. What is the units digit of k(o)?
1
What is the units digit of (-3 - -5)/(3/480)?
0
Suppose 0 = 2*q + q + 3*k - 9, 0 = -4*q - 2*k + 10. Suppose 100 = z + 5*f, f + 187 = q*z - 13. What is the tens digit of z?
0
Let i(p) = p**3 - p**2 - 6*p - 6. Let v be i(-3). Let j be (v/30)/((-2)/15). What is the tens digit of ((-102)/9)/((-2)/j)?
3
Suppose j - 58 = -55. Let w(u) = 4*u + 1. What is the tens digit of w(j)?
1
Let k(b) = -3*b - 7. Let o be k(-4). Suppose -2*h + 2*s + 43 + o = 0, 4*h - 117 = -3*s. What is the tens digit of h?
2
Let r(p) = -p + 1. Suppose 15*i + 2 = 17*i. Let u(c) = 8*c - 4. Let t(g) = i*u(g) + 4*r(g). What is the units digit of t(13)?
2
Let i = 14 - -285. Suppose 5*g - 372 = g - 4*z, z + i = 3*g. What is the units digit of g?
8
Let g(l) = l - 2. Let s be g(6). Suppose -2*v + 13 = -0*v - 3*c, s = v + c. Suppose r + 96 = v*r. What is the tens digit of r?
2
Let i(p) = 129*p**3 - 4*p**2 + 14*p - 18. What is the units digit of i(2)?
6
Suppose 720 = 4*c - 2*q + q, 2*c = -3*q + 346. Suppose -289 = -6*s + c. What is the tens digit of s?
7
Let u(k) = k - 9. Let l be u(5). Let v be (1/(-2))/(l/72). Suppose v*f - 7*f - 46 = 0. What is the tens digit of f?
2
Suppose -40*k + 43*k - 2967 = 0. What is the tens digit of k?
8
Suppose 26*c - 1634 = 7*c. What is the tens digit of c?
8
Suppose 9*t + 2955 = 10092. What is the units digit of t?
3
Let u(p) = 4*p - 13. Let y be u(5). Suppose y*s = 2*s + 130. What is the tens digit of s?
2
Let x be (10/8)/((-1)/(-4)). Let k(w) = w**2 - 3*w - 8. What is the units digit of k(x)?
2
Let h = -26 + 30. Let w = h + -1. What is the tens digit of (-5)/((-2)/(66/w))?
5
Suppose 10*d - 9*d = -12. Let h(t) be the third derivative of -t**5/60 - 5*t**4/8 + 7*t**3/3 + t**2. What is the tens digit of h(d)?
5
What is the hundreds digit of ((-4)/3)/(95/(-108870))?
5
Let v(z) = -z**3 - 10*z**2 - 17*z - 3. Let j be v(-8). Suppose -2*g + 161 = j*g. What is the units digit of g?
3
Let s = 541 - -587. What is the thousands digit of s?
1
Let v(u) = 9*u + 1040. What is the units digit of v(0)?
0
Suppose 0 = x - 4*w - 19, -4*x + 7 = -5*w - 25. Let t be -3 + 3 + -3 + x. Suppose t = 3*i - i - 16. What is the units digit of i?
8
Let m(l) = -15 - l**2 + 13*l + 19*l - 14*l. Suppose 5*v - 48 = 17. What is the tens digit of m(v)?
5
Let t = -506 - -1143. What is the units digit of t?
7
Suppose 3207 = 2*p + 5*w, -5*p + 8*w + 8058 = 7*w. What is the thousands digit of p?
1
Suppose 0*i - 5*i = -140. Suppose -5*u = -w - 40, 0 = 3*w - 5*u - i + 128. What is the units digit of (18/10)/((-9)/w)?
6
Suppose -414 = -8*r + 7*r. What is the tens digit of r?
1
Let j = -9 - -12. What is the units digit of -203*(-1)/j - 14/21?
7
What is the units digit of (36/(-24))/(24/(-79312))?
7
Suppose -14*t + 16931 = -14037. What is the thousands digit of t?
2
Let p = -1 - -5. Suppose i - p = 0, 2*w = -3*w - i + 39. What is the units digit of w?
7
Suppose 2*p + 2*p - 2*d = -2, 4*d - 28 = -4*p. Suppose 6*u - 532 = p*u. What is the hundreds digit of u?
1
What is the hundreds digit of (20/75)/(2/35)*90?
4
Suppose -29 = 2*c - 21. What is the units digit of (18/c)/(10/(-60))?
7
Let f be (-1)/(-1)*(5 - 0). Suppose 4*l + 32 = -3*a, -f*l + 5*a - 4 = 1. Let i = 17 + l. What is the tens digit of i?
1
Let b = -32 + 32. Suppose b*f + 24 = -4*f + 3*a, 7 = -5*f - 2*a. What is the tens digit of 69 + f*4/4?
6
Let a be (-6)/(-4) + 9/18. Let h be 2*(a - (-1)/(-2)). Suppose -2*u - 88 = -3*d, d = h*d - 3*u - 62. What is the tens digit of d?
2
Suppose -2*a + 162 = 2*c - 6*c, 4*a - 312 = 2*c. What is the tens digit of a?
7
Suppose -5*p + 3*r + 2442 = -1509, -5*r - 10 = 0. What is the tens digit of p?
8
Let x be 29/1 + 5 + -3. Let q = x + -25. What is the units digit of q?
6
Suppose o + 3*o - h - 906 = 0, 2*h = -4*o + 912. Let d = -141 + o. What is the tens digit of d?
8
Let g = 45 + -37. Suppose 0 = -2*p + s + 114 + 20, 0 = -4*s - g. What is the tens digit of p?
6
Suppose -3*l - 2*i = 2*i - 7, -3*i = -l + 11. Suppose l*d = 5*p - 60, p + 2*d = 28 - 4. Suppose p = t - 12. What is the tens digit of t?
2
Suppose -3*r + 2925 = 4*z - 460, -5*z + 3380 = 3*r. What is the units digit of r?
5
Suppose -9*f = 1074 - 4800. Suppose -7*l - 2*l = -f. What is the units digit of l?
6
Let g(c) = 65*c - 131. What is the thousands digit of g(21)?
1
What is the units digit of 6/(1/(-464)*(-15)/10)?
6
Let p = 7088 - 2197. What is the hundreds digit of p?
8
Suppose 25*y - 689 = 9536. What is the units digit of y?
9
Suppose 15 = -3*x, 5*i = -4*x + 12623 + 2767. What is the thousands digit of i?
3
Suppose 22*a = 9*a + 1703. Suppose 8*q - 7*q - a = 0. What is the units digit of q?
1
Let t = 96 + -17. Let w be 20/(-90) + t/(-9). What is the units digit of (-130)/(-2)*w/(-15)?
9
Let j(p) = 44*p**2 - 38*p + 4. What is the hundreds digit of j(-4)?
8
Let w(t) = 13*t**2 - t. Let j = -34 + 36. Suppose -5*i + d - 9 = 0, 2*i - j*d = 3*i - 7. What is the tens digit of w(i)?
1
Let z be (-2)/(-4) + (-926)/(-4). Let y = z - 78. What is the units digit of y?
4
Let u(i) = i**2 - 10*i + 94. What is the units digit of u(45)?
9
Let f(a) = -a**3 + 13*a**2 - 8*a - 6. Suppose -38 = -4*i + 10. What is the tens digit of f(i)?
4
Suppose -323 = -2*b + 5*p, -154 = -b - 2*p + 12. What is the tens digit of b?
6
Suppose -4*v - 30 = v. Let g = 10 - v. Suppose -2*j = -a + 7, -2*a - j = -3*j - g. What is the units digit of a?
9
Let b be (-4)/6*9/(-2). Suppose b*y - 5*y - 20 = 0. Let h(m) = m**3 + 10*m**2 - m - 9. What is the units digit of h(y)?
1
Let z(l) = -3*l - 34. Let c be z(0). Let b = 38 + c. Suppose 3*f - 71 = -u - 0*u, -b*f + u = -90. What is the units digit of f?
3
Suppose 4*y - 235 = a, -2*a = 4*y + a - 255. Let o = y + 105. What is the units digit of o?
5
Let r = -52 + 196. What is the tens digit of r?
4
Let x = -35 - -149. Suppose x = -4*b + 6*b. What is the tens digit of b?
5
Let q = 9 - 3. Suppose 3 = c - 66. Suppose -q*z + 3*z + c = 0. What is the units digit of z?
3
Suppose -5*h + 6333 = -3*l + 1790, -5*h + 4547 = -2*l. What is the hundreds digit of h?
9
Suppose 8 = a + a. Suppose 0*q + 99 = 3*y + 3*q, 99 = 3*y + a*q. What is the units digit of y?
3
Suppose 0 = -15*m + 9239 + 16891. What is the hundreds digit of m?
7
Let z be (1/(-2))/((-18)/3672). Suppose q - z = 2*h, 0 = -2*q - 5*h - 57 + 225. What is the tens digit of q?
9
Let w = 18 - 12. Suppose -w + 9 = -3*r. Let j = 0 - r. What is the units digit of j?
1
Let x(z) = z**3 - 7*z**2 - 4*z - 26. Let p(u) = 2*u**3 - 13*u**2 - 7*u - 51. Let c(h) = -6*p(h) + 11*x(h). What is the tens digit of c(0)?
2
Let s(k) = k**2 - 20*k + 20. Let z be s(15). Let a = 145 + z. What is the units digit of a?
0
Let s = 44 + -43. What is the hundreds digit of (s*-68)/((-8)/12)?
1
Let c = 11 - 7. Suppose f = -4*m + 44, f = -c*f - 2*m + 130. Let t = 0 + f. What is the tens digit of t?
2
Let n be (-2)/(-5) - 1790/(-25). Let z(c) = -c - 4. Let l be